inder when 1756057 is divided by 339?
37
Calculate the remainder when 849698 is divided by 2173.
55
Calculate the remainder when 9300313 is divided by 465.
313
Calculate the remainder when 32232603 is divided by 1800.
3
Calculate the remainder when 451145 is divided by 75.
20
What is the remainder when 220164 is divided by 1820?
1764
What is the remainder when 1047809 is divided by 349257?
38
What is the remainder when 289465 is divided by 4134?
85
Calculate the remainder when 16080063 is divided by 1004.
1003
What is the remainder when 29116745 is divided by 69?
56
Calculate the remainder when 3246835 is divided by 2149.
1845
Calculate the remainder when 972798 is divided by 243196.
14
Calculate the remainder when 2898203 is divided by 514.
271
What is the remainder when 187366 is divided by 11705?
86
Calculate the remainder when 727594 is divided by 1672.
274
What is the remainder when 954172 is divided by 1549?
1537
What is the remainder when 112985942 is divided by 87?
86
What is the remainder when 9068524 is divided by 161?
38
Calculate the remainder when 113708 is divided by 21586.
5778
Calculate the remainder when 1753235 is divided by 83.
26
What is the remainder when 4539269 is divided by 324232?
21
Calculate the remainder when 174677 is divided by 727.
197
What is the remainder when 13970722 is divided by 822?
10
Calculate the remainder when 764279 is divided by 129.
83
Calculate the remainder when 21056 is divided by 602.
588
What is the remainder when 17538 is divided by 8539?
460
What is the remainder when 909 is divided by 371?
167
Calculate the remainder when 74300 is divided by 12381.
14
What is the remainder when 532175 is divided by 504?
455
Calculate the remainder when 6288060 is divided by 3143854.
352
Calculate the remainder when 45575 is divided by 11365.
115
Calculate the remainder when 20753 is divided by 1634.
1145
Calculate the remainder when 162200 is divided by 3874.
3366
Calculate the remainder when 477903 is divided by 14933.
47
What is the remainder when 46300 is divided by 5709?
628
What is the remainder when 939015 is divided by 156502?
3
What is the remainder when 2377919 is divided by 2943?
2918
What is the remainder when 287562 is divided by 155?
37
Calculate the remainder when 318924 is divided by 9.
0
Calculate the remainder when 100380 is divided by 7715.
85
Calculate the remainder when 132342 is divided by 5751.
69
Calculate the remainder when 845638 is divided by 280854.
3076
Calculate the remainder when 4495 is divided by 1022.
407
Calculate the remainder when 255817 is divided by 1397.
166
What is the remainder when 10991018 is divided by 87?
47
What is the remainder when 46929953 is divided by 25177?
25
What is the remainder when 388689 is divided by 27?
24
What is the remainder when 12902966 is divided by 1166?
10
Calculate the remainder when 359255 is divided by 359136.
119
Calculate the remainder when 160159673 is divided by 325.
323
What is the remainder when 197575 is divided by 21?
7
Calculate the remainder when 1298315 is divided by 68293.
748
Calculate the remainder when 35864 is divided by 854.
850
What is the remainder when 8578699 is divided by 357?
346
What is the remainder when 2290314 is divided by 327172?
110
What is the remainder when 129645268 is divided by 7?
4
Calculate the remainder when 6859504 is divided by 13424.
13264
Calculate the remainder when 296772 is divided by 18547.
20
What is the remainder when 22641681 is divided by 837?
831
What is the remainder when 1084053 is divided by 154864?
5
Calculate the remainder when 10369787 is divided by 847.
813
Calculate the remainder when 91456 is divided by 70.
36
What is the remainder when 7601681 is divided by 27?
20
Calculate the remainder when 37370 is divided by 814.
740
Calculate the remainder when 318900 is divided by 22764.
204
What is the remainder when 1892231 is divided by 2066?
1841
Calculate the remainder when 5289513 is divided by 402.
399
Calculate the remainder when 327627283 is divided by 753.
748
What is the remainder when 501395 is divided by 2098?
2071
What is the remainder when 12766081 is divided by 6383035?
11
What is the remainder when 1229081 is divided by 236?
229
Calculate the remainder when 17411855 is divided by 1346.
1345
Calculate the remainder when 236533045 is divided by 224.
21
What is the remainder when 85148529 is divided by 2504?
9
Calculate the remainder when 13857325 is divided by 103.
14
What is the remainder when 129775524 is divided by 11?
10
Calculate the remainder when 4987 is divided by 621.
19
What is the remainder when 853485 is divided by 56881?
270
Calculate the remainder when 224259 is divided by 119.
63
Calculate the remainder when 1576774 is divided by 67.
63
Calculate the remainder when 16777 is divided by 1518.
79
Calculate the remainder when 631227 is divided by 315610.
7
Calculate the remainder when 625431 is divided by 547.
210
Calculate the remainder when 345014 is divided by 7535.
5939
What is the remainder when 2050151 is divided by 23?
0
What is the remainder when 55863 is divided by 27837?
189
Calculate the remainder when 269646 is divided by 34.
26
Calculate the remainder when 15480 is divided by 1089.
234
Calculate the remainder when 694614 is divided by 3261.
21
What is the remainder when 3948284 is divided by 651?
620
Calculate the remainder when 6617892 is divided by 5376.
36
What is the remainder when 1513212 is divided by 9700?
12
What is the remainder when 43137 is divided by 92?
81
Calculate the remainder when 72652256 is divided by 54.
8
Calculate the remainder when 4068545 is divided by 157.
47
Calculate the remainder when 2912092 is divided by 485344.
28
Calculate the remainder when 15495664 is divided by 7.
2
What is the remainder when 553099 is divided by 72?
67
Calculate the remainder when 787759 is divided by 10273.
7011
Calculate the remainder when 18356 is divided by 129.
38
What is the remainder when 2102118 is divided by 417?
21
Calculate the remainder when 297431 is divided by 43.
0
Calculate the remainder when 37455 is divided by 6450.
5205
Calculate the remainder when 5404 is divided by 220.
124
Calculate the remainder when 85159 is divided by 71.
30
Calculate the remainder when 18137571 is divided by 18137268.
303
Calculate the remainder when 3559916 is divided by 323.
133
Calculate the remainder when 823219 is divided by 19.
6
What is the remainder when 292867 is divided by 1065?
1057
Calculate the remainder when 74743 is divided by 8149.
1402
Calculate the remainder when 8179288 is divided by 406.
12
Calculate the remainder when 1687216 is divided by 1140.
16
What is the remainder when 5310085 is divided by 426?
421
What is the remainder when 142405 is divided by 10926?
367
What is the remainder when 1868569 is divided by 1868538?
31
What is the remainder when 125646 is divided by 41476?
1218
Calculate the remainder when 4056594 is divided by 32.
18
What is the remainder when 5873 is divided by 1340?
513
What is the remainder when 56120147 is divided by 110?
17
Calculate the remainder when 1487069 is divided by 159.
101
Calculate the remainder when 474639 is divided by 811.
204
Calculate the remainder when 16381457 is divided by 848.
641
What is the remainder when 353141 is divided by 267?
167
What is the remainder when 5323365 is divided by 1330815?
105
What is the remainder when 12735325 is divided by 183?
172
Calculate the remainder when 5028536 is divided by 2508.
2504
Calculate the remainder when 1540857 is divided by 390.
357
What is the remainder when 4647564 is divided by 1161880?
44
Calculate the remainder when 35473 is divided by 8247.
2485
What is the remainder when 6730 is divided by 1689?
1663
Calculate the remainder when 1353109 is divided by 117.
4
What is the remainder when 953092 is divided by 369?
334
Calculate the remainder when 94567003 is divided by 111.
109
Calculate the remainder when 11426089 is divided by 12.
1
What is the remainder when 357371 is divided by 8915?
771
What is the remainder when 22086 is divided by 909?
270
What is the remainder when 13870417 is divided by 43?
36
Calculate the remainder when 1991460 is divided by 323.
165
What is the remainder when 724643 is divided by 16?
3
Calculate the remainder whe